{"id":107,"date":"2015-07-24T02:16:17","date_gmt":"2015-07-24T02:16:17","guid":{"rendered":"http:\/\/demo.oceanthemes.net\/archilight\/?page_id=107"},"modified":"2023-02-28T18:51:56","modified_gmt":"2023-02-28T18:51:56","slug":"blog","status":"publish","type":"page","link":"https:\/\/www.lampyhotelowe.pl\/index.php\/blog\/","title":{"rendered":"Blog"},"content":{"rendered":"<p>[vc_row][vc_column][vc_column_text]<strong>Co to jest lampa sto\u0142owa hotelowa?<\/strong><br \/>\nHotelowe lampy sto\u0142owe r\u00f3\u017cni\u0105 si\u0119 od zwyk\u0142ych lamp sto\u0142owych, poniewa\u017c s\u0105 dostosowywane w oparciu o styl hotelu, wielko\u015b\u0107 pokoju i funkcje. Co sprawia, \u017ce hotelowe lampy sto\u0142owe s\u0105 tak wyj\u0105tkowe?<br \/>\n&#8211; Bardziej kreatywny i dekoracyjny wygl\u0105d<br \/>\n&#8211; Zr\u00f3\u017cnicowane funkcj\u0119<br \/>\n&#8211; Potrafi sprosta\u0107 r\u00f3\u017cnym potrzebom go\u015bci hotelowych<\/p>\n<p><strong>Najlepsze scenariusze wykorzystania hotelowych lamp sto\u0142owych?<\/strong><br \/>\nZgodnie z r\u00f3\u017cnymi scenariuszami lampy sto\u0142owe hotelowe mo\u017cna podzieli\u0107 na trzy rodzaje w nast\u0119puj\u0105cy spos\u00f3b: Lampka nocna na stolik \/ lampka nocna Przy \u0142\u00f3\u017cku pokoju go\u015bcinnego ustawiono lampki nocne i lampki nocne. Po co? Poka\u017c\u0119 ci ich funkcje. Lampka nocna mo\u017ce stworzy\u0107 atmosfer\u0119 przytulno\u015bci dzi\u0119ki mi\u0119kkiemu o\u015bwietleniu, dzi\u0119ki czemu poczujesz si\u0119 zrelaksowany i \u0142atwo zasypiasz. To tak\u017ce dobry wyb\u00f3r do dekoracji hotelowych pokoi go\u015bcinnych. Niezale\u017cnie od tego, czy s\u0105 to proste i eleganckie, czy luksusowe, mog\u0105 by\u0107 dobrze dobranym stylem hotelowym. Dlatego te\u017c s\u0105 uwa\u017cane za sztuk\u0119. Poza tym lampka nocna mo\u017ce s\u0142u\u017cy\u0107 do czytania przed snem go\u015bcia. Charakterystyka hotelowej lampki nocnej i lampki nocnej:<br \/>\n&#8211; ma\u0142y rozmiar<br \/>\n&#8211; lekkie \u015bwiat\u0142o (\u017ar\u00f3d\u0142o \u015bwiat\u0142a o ma\u0142ej mocy)<br \/>\n&#8211; niestosowanie delikatnych materia\u0142\u00f3w, takich jak szk\u0142o, w celu zapewnienia bezpiecze\u0144stwa lampy sto\u0142owej Hotelowa lampa biurkowa Hotelowe lampy biurkowe s\u0105 zawsze widoczne na biurku pokoju hotelowego, ich g\u0142\u00f3wn\u0105 funkcj\u0105 jest o\u015bwietlenie zadaniowe w pokoju hotelowym. Jakie cechy maj\u0105 hotelowe lampy biurkowe? Lampa jest prosta na zewn\u0105trz i przeno\u015bna. Poniewa\u017c s\u0142u\u017cy do czytania i pisania jako o\u015bwietlenie zadaniowe, zazwyczaj mo\u017cna dostosowa\u0107 wysoko\u015b\u0107 latarni, kierunek i intensywno\u015b\u0107 \u015bwiat\u0142a do w\u0142asnych preferencji, aby uzyska\u0107 jak najlepsze wra\u017cenia z pracy. Akcentowa lampa sto\u0142owa hotelowa Mog\u0119 powiedzie\u0107, \u017ce hotelowa lampa sto\u0142owa akcentuj\u0105ca jest bardziej dekoracj\u0105 ni\u017c opraw\u0105 o\u015bwietleniow\u0105. Cz\u0119sto pojawiaj\u0105 si\u0119 w przestrzeni publicznej hotelu, takiej jak recepcja w holu i strefa wypoczynkowa. Ten rodzaj hotelowej lampy sto\u0142owej jest znacznie wi\u0119kszy, ci\u0119\u017cszy i bardziej wystawny, co podkre\u015bla delikatno\u015b\u0107 hotelu i lepiej ozdabia lobby bardziej wizualnymi biesiadami. Jako ozdoba, lampa sto\u0142owa akcent hotelowy mo\u017ce by\u0107 r\u00f3wnie\u017c wykorzystana do czytania i pracy.<\/p>\n<p><strong>Jakie s\u0105 najpopularniejsze materia\u0142y na hotelow\u0105 lamp\u0119 sto\u0142ow\u0105?<\/strong><br \/>\nPo pierwsze, musisz wiedzie\u0107, \u017ce hotelowa lampa sto\u0142owa sk\u0142ada si\u0119 z dw\u00f3ch cz\u0119\u015bci &#8211; g\u0142\u00f3wnego korpusu lampy i klosza.<br \/>\nG\u0142\u00f3wna cz\u0119\u015b\u0107 lampy lub podstawa lampy jest cz\u0119sto wykonana z metalu, szk\u0142a, kryszta\u0142u, ceramiki, cementu, drewna lub \u017cywicy.<br \/>\nJe\u015bli chodzi o aba\u017cur, najcz\u0119\u015bciej wybierane s\u0105 tkaniny, szk\u0142o, akryl i papier.<br \/>\nMateria\u0142y te mog\u0105 sta\u0107 si\u0119 kalejdoskopem kolor\u00f3w, pasowa\u0107 do r\u00f3\u017cnych styl\u00f3w hotelowych i spe\u0142nia\u0107 wszelkie wymagania dotycz\u0105ce wystroju przestrzeni hotelowej.<\/p>\n<p><strong>Jak dobra\u0107 \u017ar\u00f3d\u0142o \u015bwiat\u0142a do hotelowych lamp sto\u0142owych?<\/strong><br \/>\nHotelowe lampy sto\u0142owe zwykle dzia\u0142aj\u0105 przez d\u0142ugi czas w ci\u0105gu dnia, zw\u0142aszcza akcentuj\u0105ce lampy sto\u0142owe w og\u00f3lnodost\u0119pnej cz\u0119\u015bci hotelu, kt\u00f3re musz\u0105 by\u0107 u\u017cywane przez ca\u0142y dzie\u0144.<br \/>\nBior\u0105c pod uwag\u0119 \u017cywotno\u015b\u0107 \u017ar\u00f3d\u0142a \u015bwiat\u0142a i koszty konserwacji w p\u00f3\u017aniejszym okresie, wymienna dioda LED mo\u017ce by\u0107 pierwszym wyborem, na przyk\u0142ad E27 \/ E26, E14 \/ E12, G9, GU10 i tym podobne.<br \/>\nTo najlepszy spos\u00f3b, aby jak najd\u0142u\u017cej zachowa\u0107 \u017cywotno\u015b\u0107 \u017ar\u00f3d\u0142a \u015bwiat\u0142a, a jednocze\u015bnie jest \u0142atwo wymienialny i energooszcz\u0119dny.<br \/>\nZintegrowana dioda LED mo\u017ce by\u0107 dobrym wyborem dla niekt\u00f3rych hotelowych lamp sto\u0142owych o specjalnej konstrukcji, je\u015bli brakuje miejsca na wymienne \u017ar\u00f3d\u0142o \u015bwiat\u0142a.<br \/>\nPonadto zintegrowana dioda LED jest r\u00f3wnie\u017c standardowym wyborem dla wielu hotelowych lamp biurkowych, zapewniaj\u0105c \u0142atwe przyciemnianie \u015bwiat\u0142a i lepsz\u0105 kontrol\u0119 nad k\u0105tem \u015bwiecenia.<\/p>\n<p><strong>Hotelowa lampa sto\u0142owa z portem USB, gniazdkiem elektrycznym i stacj\u0105 \u0142aduj\u0105c\u0105?<\/strong><br \/>\nAby lepiej zaspokaja\u0107 r\u00f3\u017cnorodne potrzeby go\u015bci hotelowych, rozwijane s\u0105 coraz bardziej zr\u00f3\u017cnicowane funkcje hotelowych lamp sto\u0142owych, zw\u0142aszcza lampek nocnych i biurkowych.<br \/>\nW dzisiejszych czasach coraz wi\u0119cej hotelowych lamp sto\u0142owych jest wyposa\u017conych w port USB, gniazdko elektryczne i bezprzewodow\u0105 \u0142adowark\u0119.<br \/>\nChcesz wiedzie\u0107, do czego s\u0142u\u017c\u0105 te funkcje?<br \/>\nChod\u017amy naprz\u00f3d. Opowiem ci o tym jeden po drugim.<br \/>\nLampa sto\u0142owa z portem USB:<br \/>\nJaka jest pierwsza rzecz, kt\u00f3r\u0105 mog\u0105 zrobi\u0107 podr\u00f3\u017cni natychmiast po wej\u015bciu do pokoju go\u015bcinnego? Prawdopodobnie \u0142adowanie ich telefon\u00f3w i urz\u0105dze\u0144.<br \/>\nHotelowe lampki sto\u0142owe z portem USB mog\u0105 nie tylko u\u0142atwi\u0107 \u0142adowanie, ale tak\u017ce pozwoli\u0107 ludziom le\u017ce\u0107 na \u0142\u00f3\u017cku, topi\u0105c si\u0119 w swoich smartfonach.<br \/>\nLampa sto\u0142owa z gniazdkiem elektrycznym:<br \/>\nOpr\u00f3cz telefon\u00f3w podr\u00f3\u017cni mog\u0105 mie\u0107 inne gad\u017cety, kt\u00f3re wymagaj\u0105 \u0142adowania, takie jak maszynki do golenia i suszarki do w\u0142os\u00f3w. W takiej sytuacji punkt sprzeda\u017cy bardzo im pomo\u017ce.<br \/>\nLampa sto\u0142owa z \u0142adowark\u0105 bezprzewodow\u0105:<br \/>\nA je\u015bli podr\u00f3\u017cni zapomn\u0105 o kablach USB? Jak mog\u0105 \u0142adowa\u0107 swoje telefony?<br \/>\nBezprzewodowa \u0142adowarka uratowa\u0142aby ich dzie\u0144, gdyby lampy sto\u0142owe w pokoju mia\u0142y tak\u0105.<br \/>\nJest bardzo przyjazny dla u\u017cytkownika, poniewa\u017c wystarczy po\u0142o\u017cy\u0107 telefon na \u0142adowarce, a \u0142adowarka zajmie si\u0119 reszt\u0105.<br \/>\nSzklana lampa sto\u0142owa z akcentem hotelowym w recepcji.<\/p>\n<p><strong>Jak dostosowa\u0107 swoj\u0105 hotelow\u0105 lamp\u0119 sto\u0142ow\u0105?<\/strong><br \/>\nNale\u017cy wzi\u0105\u0107 pod uwag\u0119 wiele szczeg\u00f3\u0142\u00f3w.<br \/>\nOto kilka aspekt\u00f3w, kt\u00f3re musisz zna\u0107.<br \/>\n&#8211; Styl lampy sto\u0142owej jest nowoczesny, klasyczny, luksusowy czy prosty?<br \/>\nDecyduje o tym styl hotelu. Obaj musz\u0105 do siebie pasowa\u0107.<br \/>\n&#8211; O wielko\u015bci hotelowej lampy sto\u0142owej decyduje wielko\u015b\u0107 przestrzeni, w kt\u00f3rej znajduje si\u0119 lampa.<br \/>\n&#8211; Materia\u0142 i wyko\u0144czenie podstawy lampy i klosza s\u0105 zgodne ze stylem wzornictwa.<br \/>\n&#8211; W\u0142a\u015bciwy rodzaj \u017ar\u00f3d\u0142a \u015bwiat\u0142a uzale\u017cniony jest od scenariuszy jego zastosowania oraz og\u00f3lnego projektu lampy sto\u0142owej<br \/>\n&#8211; Zastan\u00f3w si\u0119, czy Twoja hotelowa lampa sto\u0142owa wymaga funkcji, takich jak port USB, gniazdo zasilania lub \u0142adowarka bezprzewodowa, i zdecyduj, czy dodanie tych funkcji wp\u0142ynie na projekt Twojej lampy sto\u0142owej?<\/p>\n<p>&nbsp;<\/p>\n<p>[\/vc_column_text][\/vc_column][\/vc_row]<\/p>\n","protected":false},"excerpt":{"rendered":"<p>[vc_row][vc_column][vc_column_text]Co to jest lampa sto\u0142owa hotelowa? Hotelowe lampy sto\u0142owe r\u00f3\u017cni\u0105 si\u0119 od zwyk\u0142ych lamp sto\u0142owych, poniewa\u017c s\u0105 dostosowywane w oparciu o styl hotelu, wielko\u015b\u0107 pokoju i funkcje. Co sprawia, \u017ce hotelowe lampy sto\u0142owe s\u0105 tak wyj\u0105tkowe? &#8211; Bardziej kreatywny i dekoracyjny wygl\u0105d &#8211; Zr\u00f3\u017cnicowane funkcj\u0119 &#8211; Potrafi sprosta\u0107 r\u00f3\u017cnym potrzebom go\u015bci hotelowych Najlepsze scenariusze wykorzystania [&hellip;]<\/p>\n","protected":false},"author":1,"featured_media":0,"parent":0,"menu_order":0,"comment_status":"open","ping_status":"closed","template":"page-templates\/template-fullwidth.php","meta":{"footnotes":""},"class_list":["post-107","page","type-page","status-publish","hentry"],"_links":{"self":[{"href":"https:\/\/www.lampyhotelowe.pl\/index.php\/wp-json\/wp\/v2\/pages\/107","targetHints":{"allow":["GET"]}}],"collection":[{"href":"https:\/\/www.lampyhotelowe.pl\/index.php\/wp-json\/wp\/v2\/pages"}],"about":[{"href":"https:\/\/www.lampyhotelowe.pl\/index.php\/wp-json\/wp\/v2\/types\/page"}],"author":[{"embeddable":true,"href":"https:\/\/www.lampyhotelowe.pl\/index.php\/wp-json\/wp\/v2\/users\/1"}],"replies":[{"embeddable":true,"href":"https:\/\/www.lampyhotelowe.pl\/index.php\/wp-json\/wp\/v2\/comments?post=107"}],"version-history":[{"count":9,"href":"https:\/\/www.lampyhotelowe.pl\/index.php\/wp-json\/wp\/v2\/pages\/107\/revisions"}],"predecessor-version":[{"id":1318,"href":"https:\/\/www.lampyhotelowe.pl\/index.php\/wp-json\/wp\/v2\/pages\/107\/revisions\/1318"}],"wp:attachment":[{"href":"https:\/\/www.lampyhotelowe.pl\/index.php\/wp-json\/wp\/v2\/media?parent=107"}],"curies":[{"name":"wp","href":"https:\/\/api.w.org\/{rel}","templated":true}]}}